2*t**2 + 27*t - 116. Let p be c(21). Suppose 2*m - 2184 = -l, -p*m = -8*m + 4*l - 2184. List the prime factors of m.
2, 3, 7, 13
Suppose 0 = 10*u - 5*u + 15. Let r be 154/(u*((-33)/9 + 4)). Let q = 302 + r. What are the prime factors of q?
2, 37
Suppose 0 = -7*b + 117 - 26. Let a(g) = 5*g**2 - 66*g + 17. Let t be a(b). Suppose 5*w + 2*k - 1226 = -k, -t*w + 4*k + 968 = 0. List the prime factors of w.
2, 61
Let d = 18531 + -8216. List the prime factors of d.
5, 2063
Let t(o) = -128*o + 129. Let k be t(23). Let d = k - -4441. List the prime factors of d.
2, 3, 271
Let i(h) = -3*h - 4. Let x be i(-2). Let w be -5 + x + (-42)/(-1). What are the prime factors of w + -1 + 8 + -4?
2, 3, 7
Let d be (10149/9 + -3)*(-18)/(-7). Suppose -78*u + 82*u - d = 0. List the prime factors of u.
3, 241
Suppose -5*g = 2*c - 0*g + 10, 0 = 3*c - 5*g - 35. Suppose -6 = -c*p - 11, -5*p - 88 = -n. What are the prime factors of n?
83
Suppose -2*d + 3*f = -34, -5*f - 23 = -d + 8. Let x(w) be the first derivative of -w**2/2 + 18*w + 638. What are the prime factors of x(d)?
7
Let i = 58 - 63. Let u(r) = r**3 + 7*r**2 + 9*r - 2. Let c be u(i). Suppose -2*t + c*d + 84 = d, -2*d = 3*t - 101. List the prime factors of t.
37
Let d = 17174 - 10903. What are the prime factors of d?
6271
Suppose -20*c = -89844 + 17404. List the prime factors of c.
2, 1811
Let a(r) = 26*r - 189. Suppose 0 = -3*u - v + 62, 25*u - 98 = 20*u + v. What are the prime factors of a(u)?
331
Let p = -38 - -75. Suppose l - p = -11. Suppose 3*k - l = 16. What are the prime factors of k?
2, 7
Suppose 5*g - 9926 = 23529. List the prime factors of g.
6691
Let b = 474 - 471. Suppose -b*k = 247 - 862. What are the prime factors of k?
5, 41
Let l(v) = 69*v**3 - 3*v**2 - 9*v - 10. Let z(q) = 35*q**3 - q**2 - 4*q - 5. Let d = 122 + -119. Let g(c) = d*l(c) - 7*z(c). List the prime factors of g(-2).
13, 23
Suppose -3*o = -8570 - 2230. Suppose 8*l - 12*l = -o. Suppose 72*y + l = 76*y. List the prime factors of y.
3, 5
Suppose 16654 = -17*w + 23462 + 83938. List the prime factors of w.
2, 17, 157
Let m be 2/14 - 4624/(-119). Let r = m + -5. Let b = r + -11. List the prime factors of b.
23
Suppose -56235 = -4*f + 3*a, 29735 = 2*f - 4*a + 1625. List the prime factors of f.
3, 43, 109
Let u(m) = -3*m**2 + 4*m + 32. Let b be u(9). Let l = b + 267. List the prime factors of l.
2, 23
Let s = -124963 - -175009. What are the prime factors of s?
2, 3, 19, 439
Let g(i) be the third derivative of 7*i**4/8 - 14*i**3/3 - 3*i**2. Let u be g(-7). Let p = u + 263. List the prime factors of p.
2, 11
Let c(p) = -1 + 32*p - 95 - 2. What are the prime factors of c(18)?
2, 239
Let v be 9/(-1 + 2)*17. Let y(h) = -2*h**2 + 114*h - 321. Let g be y(51). Let o = g - v. What are the prime factors of o?
2, 3, 23
Suppose 46238 - 114445 = -2*h - 3*d, -3*h - d = -102300. What are the prime factors of h?
13, 43, 61
Suppose -373*b + 392*b - 100605 = 0. What are the prime factors of b?
3, 5, 353
Suppose c - 5*f = -25, -f + 5 = -4*c - 0*f. Suppose -22*b + 19*b + 525 = c. List the prime factors of b.
5, 7
Let k = -220 - -323. List the prime factors of k/(-4)*(-12)/1.
3, 103
Let b be -2*(-2)/(-4) - -256. Let p = b - -338. Suppose 3*j + 2*j - 743 = -3*o, o - p = -4*j. What are the prime factors of j?
2, 37
Suppose 42*l - 48*l + 1584 = 0. Suppose l = p - k - 405, -672 = -p + 2*k. List the prime factors of p.
2, 3, 37
Let x(f) = -2*f**3 - 21*f**2 + 10*f - 24. Let a(y) = -7*y + 44. Let h be a(8). What are the prime factors of x(h)?
2, 3
Let c be 2 + -223 - 0/(-2). Let h = c - -265. List the prime factors of h.
2, 11
Suppose 0 = 4*p - 16*p + 2868. Let b = 228 + p. What are the prime factors of b?
467
Suppose 2*s + 14 = 2*f, 0 = 3*f + 3*s - 11 - 4. Suppose -f*z = 43 - 7. Let w = 1 - z. What are the prime factors of w?
7
Let x be (0 + -97)*(-1 + 2). Let g = 3175 + -3020. Let f = g + x. List the prime factors of f.
2, 29
Suppose 5*q + 2*m = 5, -3*q - 2*m + 2 = 3. List the prime factors of (8 - -120)*q/2.
2, 3
Let u be 0 + 6 + 0/10. Suppose 0 = 3*z - 0*z - u. Suppose -56 = -j - 4*x + 19, 3*j - z*x = 197. What are the prime factors of j?
67
Let q(m) = -4254*m + 6185. What are the prime factors of q(-8)?
131, 307
Let n(j) = 442*j - 4 - 1 + 17 - 4. Let p be n(10). Suppose -p = -17*y - y. List the prime factors of y.
2, 3, 41
Let m(j) = -109*j + 12. Let u be m(-4). Suppose 5*a - u - 1054 = -3*l, 2458 = 5*l - 3*a. List the prime factors of l.
2, 13, 19
Suppose -f + 29956 = -41*s + 43*s, -f - 29968 = -2*s. What are the prime factors of s?
71, 211
Let w(t) = 161*t**2 - 6*t + 5. Suppose -4*a = -3*z + 62 - 18, a - 12 = -5*z. Let g(i) = -8*i - 63. Let f be g(a). What are the prime factors of w(f)?
2, 5
Suppose 112*u = 26*u + 5504. What are the prime factors of u?
2
Let v = 272407 - 386848. List the prime factors of v/(-259) + 1/7.
2, 13, 17
Suppose -5*b + 94017 = 30*a - 38*a, 0 = b + 2*a - 18789. List the prime factors of b.
18797
Suppose -89*d + 49200 = -64*d. What are the prime factors of d?
2, 3, 41
Let s = 77 + -116. Let o = -39 - s. Let l(u) = -2*u + 41. What are the prime factors of l(o)?
41
Suppose -3*g + 5*w + 149567 = g, 5*g - 186936 = 3*w. List the prime factors of g.
3, 17, 733
Suppose 15*r - 1347920 + 426398 = r. List the prime factors of r.
3, 37, 593
Suppose -6*k - 31339 + 296227 = 46*k. List the prime factors of k.
2, 3, 283
Suppose 5*l - 2*w - 3410 = 0, -w = 4*l + w - 2710. Suppose -l - 291 = -2*r - f, -2*r + f = -969. Suppose 0 = -13*c + 8*c + r. List the prime factors of c.
97
Suppose 1328 = z - 2*q, 5*q - 2998 = -3*z + 931. List the prime factors of z.
2, 659
Let a(g) = 10*g**2 - 32*g - 29. Let j(z) = -3*z**2 + 11*z + 10. Let x(f) = -2*a(f) - 7*j(f). Let d be x(14). What are the prime factors of (-3)/(d + 119/(-58))?
2, 29
Let b = 57625 - 34225. What are the prime factors of b?
2, 3, 5, 13
What are the prime factors of -6*2/(-6) - -2564?
2, 1283
Let d(c) be the third derivative of 71*c**6/30 - c**5/60 + c**3/6 + 4*c**2 - 11*c. List the prime factors of d(1).
2, 71
Suppose -11*z + 16*z = -3*b + 86270, 114952 = 4*b - 4*z. List the prime factors of b.
5, 5749
Let d(z) = -2*z**2 + 66*z + 23. Suppose -3*s = 4*j - 87, -s - 2*s - 21 = -2*j. List the prime factors of d(j).
563
Let v(x) = 108*x**2 - 51*x + 2. List the prime factors of v(5).
2447
Suppose 5*t + m + 12647 = 0, 0 = t + 9*m - 13*m + 2542. Let s = t - -3944. List the prime factors of s.
2, 7, 101
Let h(d) = -d**2 - 29*d - 180. Let w be h(-11). Suppose 3*x = -s + 831, w*x - 14*x - 16 = 0. List the prime factors of s.
3, 7, 13
Let h(y) = 192*y + 179. Let s(w) = -2*w**2 - 38*w + 43. Let q be s(-20). List the prime factors of h(q).
5, 151
Let k be (28/(-5 - 2))/(0 - 2). Suppose 4*r - 630 = k*l, -14*l + 16*l = -r + 165. List the prime factors of r.
3, 53
Let a(c) = -4*c + 24. Let u be a(6). Suppose -3*t + u*t = -366. List the prime factors of t.
2, 61
Let b be 182/2*3/3. Let v = b - 63. Let o = 67 - v. What are the prime factors of o?
3, 13
Let o be (211/(-5))/((-5)/(-50)*-2). Suppose 5*r + 549 - 1995 = -4*l, 5*l - 1785 = 5*r. Let a = l - o. List the prime factors of a.
2, 37
Let o = 75827 + -42360. List the prime factors of o.
7, 683
Let h = -10 - -16. Suppose k - 4*c = h, 5*k + 4*c = 3*c + 9. Suppose -k*y = 20 - 240. What are the prime factors of y?
2, 5, 11
Suppose -7*f - 1143 = -338. Let d = 119 + f. What are the prime factors of d?
2
Let w be -2*(1 + 9/(-2) + 2). Suppose 4*l + 3 - w = 0. Suppose -s + 2*m = -3*m - 1, l = -s - m + 7. What are the prime factors of s?
2, 3
Suppose -k - 4*z - 339 = 2*k, 2*k = 5*z - 203. Let i = k - -115. Suppose -5*m + i*m = 56. What are the prime factors of m?
2, 7
Let l(v) = 25*v - 92. Let j be l(4). Suppose -4243 = -j*c + 2413. What are the prime factors of c?
2, 13
Let v = -45 + 48. Let u(d) = -39*d - 2 - 22*d - v + 3. What are the prime factors of u(-1)?
59
Let q(y) = 2*y**2 + 9*y. Let n be q(-5). Suppose 5*c - 8355 = 10*i - n*i, -5*c = i - 8337. List the prime factors of c.
2, 3, 139
Let f(a) = -48*a - 50*a + 45 + 96*a. Suppose 0 = 3*t - 9, 3*s - 3*t = -0*t + 30. List the prime factors of f(s).
19
Suppose -17*a + 352146 = -12861. What are the prime factors of a?
3, 17, 421
Let l(x) = -326*x**3 - 393*x**3 - 1 - 1 + 806*x**3 + 2*x. Let t = -2 + 3. List the prime factors